 factor of 1127 and 49133.
7
Calculate the highest common factor of 1320732 and 21456.
36
Calculate the greatest common divisor of 9036 and 107928.
36
Calculate the greatest common divisor of 714 and 174558.
6
Calculate the greatest common factor of 121 and 29505971.
121
What is the greatest common divisor of 2981 and 101782451?
271
What is the greatest common factor of 196 and 666932?
28
What is the greatest common factor of 1933376 and 2006?
34
What is the highest common factor of 774 and 1150?
2
What is the highest common divisor of 1164084020 and 665?
95
What is the highest common factor of 104 and 2867813?
13
Calculate the highest common factor of 45 and 65270511.
9
Calculate the greatest common divisor of 800427012 and 1848.
924
Calculate the highest common factor of 174897688 and 4.
4
Calculate the highest common factor of 6514964 and 2452.
2452
What is the highest common factor of 2406894 and 273?
21
Calculate the highest common divisor of 465 and 35405550.
15
What is the highest common divisor of 2385888 and 176262?
174
Calculate the highest common divisor of 207 and 114162662.
23
Calculate the greatest common factor of 6983226 and 42.
6
What is the highest common factor of 2769861 and 510?
51
Calculate the highest common factor of 32332097 and 14.
7
Calculate the greatest common factor of 17486976 and 1695.
339
What is the greatest common divisor of 34182292 and 114?
38
What is the highest common divisor of 74 and 55750342?
74
What is the greatest common divisor of 3429 and 26662761?
1143
Calculate the highest common divisor of 73033 and 56151.
367
What is the highest common factor of 14292 and 2996159?
397
What is the highest common factor of 225778 and 76888?
14
Calculate the highest common factor of 20657646 and 774.
18
Calculate the highest common divisor of 83861 and 48151013.
4933
What is the highest common factor of 190 and 1390670?
10
Calculate the greatest common factor of 722265 and 32757.
537
Calculate the highest common factor of 301457 and 35074.
13
Calculate the greatest common divisor of 3965012 and 323.
17
What is the greatest common divisor of 5150550 and 600?
150
What is the greatest common divisor of 69900 and 2142?
6
What is the highest common factor of 838 and 44617634?
838
What is the greatest common divisor of 1111 and 105395823?
101
Calculate the highest common divisor of 2558598 and 3976.
14
What is the highest common factor of 156695 and 305525?
605
What is the highest common divisor of 2883948 and 107066?
2278
Calculate the highest common divisor of 37746 and 30269496.
1398
Calculate the highest common divisor of 945 and 160977915.
945
What is the highest common factor of 94632 and 316?
4
What is the highest common divisor of 2634578 and 1444?
722
Calculate the greatest common divisor of 192 and 72852.
12
Calculate the highest common factor of 82246 and 1295026.
1394
Calculate the highest common factor of 1416 and 1314663960.
1416
What is the greatest common factor of 44 and 16278196?
44
What is the greatest common factor of 9 and 567168?
3
What is the greatest common divisor of 77577 and 432687?
57
What is the greatest common factor of 7118610 and 30?
30
What is the greatest common divisor of 2805802 and 134?
2
Calculate the highest common divisor of 198556 and 676.
4
Calculate the highest common divisor of 38272 and 5526118.
598
What is the greatest common factor of 40098 and 39401?
41
What is the highest common divisor of 18290910 and 518178?
7734
What is the greatest common factor of 2002 and 358204?
154
What is the highest common divisor of 240 and 141390?
30
What is the greatest common factor of 6357 and 155493?
39
Calculate the greatest common divisor of 110438 and 1360.
2
Calculate the greatest common factor of 826838 and 809352.
2498
Calculate the highest common factor of 6341 and 10924.
1
Calculate the greatest common divisor of 13956 and 756624540.
13956
What is the greatest common factor of 3223 and 2900447?
11
Calculate the greatest common factor of 11488 and 1164256.
32
Calculate the greatest common divisor of 18755 and 877145.
155
What is the greatest common factor of 1698500 and 81700?
4300
Calculate the highest common factor of 106 and 66801995.
53
What is the greatest common factor of 611341712 and 73?
73
What is the highest common divisor of 5574 and 69762326?
1858
What is the greatest common divisor of 387486 and 9614?
418
What is the highest common factor of 20 and 38320670?
10
What is the greatest common factor of 12588840 and 11016?
1224
What is the highest common divisor of 109046615 and 3?
1
What is the highest common divisor of 730286629 and 901?
901
What is the greatest common divisor of 1442 and 1712993?
103
What is the highest common factor of 11412830 and 379730?
2990
Calculate the greatest common divisor of 150399 and 24939.
153
What is the highest common factor of 8234 and 1389398?
358
What is the highest common divisor of 548 and 41715678?
274
What is the greatest common factor of 9448 and 89770172?
4724
What is the highest common divisor of 441 and 4284?
63
What is the highest common divisor of 18206501 and 82?
41
Calculate the greatest common divisor of 9713737 and 6116.
1529
Calculate the greatest common divisor of 6285308 and 204.
68
Calculate the highest common factor of 1510841748 and 204.
204
What is the highest common factor of 4704 and 231378?
294
What is the highest common divisor of 2406 and 632259106?
802
What is the highest common factor of 5147064 and 47?
47
Calculate the highest common divisor of 171 and 246160314.
171
Calculate the greatest common factor of 2735 and 182245.
5
Calculate the highest common divisor of 11091829 and 91.
7
Calculate the greatest common factor of 32904 and 4843512.
72
What is the highest common factor of 23430 and 68685045?
11715
Calculate the highest common factor of 34790 and 82439875.
2485
What is the highest common divisor of 834 and 31848?
6
What is the greatest common factor of 63614 and 918?
34
Calculate the greatest common divisor of 3462 and 10750664.
1154
Calculate the highest common divisor of 109 and 139283906.
109
Calculate the highest common factor of 70248 and 36.
12
Calculate the highest common factor of 254620 and 640.
20
Calculate the highest common factor of 5093 and 39762903.
463
What is the highest common divisor of 4096965 and 10?
5
Calculate the highest common divisor of 4082 and 2569.
1
Calculate the greatest common factor of 60062910 and 9480.
2370
Calculate the greatest common factor of 27807 and 327405.
897
What is the highest common factor of 1506978 and 527094?
2322
Calculate the greatest common factor of 15092 and 623623.
539
Calculate the greatest common factor of 1222100 and 1475.
25
What is the highest common factor of 6283195 and 94?
47
Calculate the highest common factor of 101824 and 441040.
592
What is the highest common divisor of 205216599 and 21?
21
What is the greatest common factor of 11004810 and 1035?
345
What is the greatest common factor of 920 and 2843812?
92
Calculate the highest common factor of 60 and 487751520.
60
What is the highest common divisor of 93 and 3049377?
93
Calculate the highest common divisor of 1073 and 63499622.
37
Calculate the greatest common divisor of 4722 and 40578507.
2361
Calculate the highest common factor of 623 and 650651855.
623
What is the highest common divisor of 100492406 and 170?
34
What is the greatest common factor of 9262280 and 31868?
1028
Calculate the greatest common factor of 1631349 and 72.
9
What is the highest common factor of 63 and 76436325?
63
What is the greatest common factor of 8 and 10653992?
8
What is the greatest common factor of 13149548 and 102512?
596
What is the greatest common factor of 461226035 and 1780?
445
What is the highest common divisor of 4296 and 92328?
24
Calculate the greatest common factor of 68340 and 3933120.
1020
What is the greatest common factor of 1784 and 28312972?
892
What is the greatest common divisor of 15042 and 112161?
327
What is the greatest common divisor of 1575 and 14996520?
315
What is the highest common divisor of 2 and 19221344?
2
Calculate the greatest common divisor of 60 and 70680795.
15
Calculate the highest common divisor of 361800 and 9423.
27
Calculate the greatest common divisor of